o base 11
172
Convert 107 (base 9) to base 15.
5d
-3023 (base 4) to base 5
-1303
-4 (base 13) to base 9
-4
-1 (base 13) to base 6
-1
Convert 1 (base 10) to base 14.
1
-138 (base 13) to base 5
-1331
What is -3 (base 16) in base 9?
-3
Convert -27 (base 16) to base 9.
-43
-1 (base 12) to base 9
-1
Convert -ab (base 13) to base 4.
-2031
What is -151 (base 8) in base 5?
-410
-12 (base 10) to base 7
-15
101 (base 2) to base 7
5
What is -89 (base 10) in base 11?
-81
Convert -1 (base 8) to base 2.
-1
Convert 9 (base 12) to base 8.
11
58 (base 9) to base 12
45
Convert 13 (base 11) to base 5.
24
-197 (base 11) to base 8
-343
-23 (base 4) to base 2
-1011
What is 212 (base 7) in base 2?
1101011
-2 (base 7) to base 10
-2
-5 (base 13) to base 2
-101
What is 17 (base 16) in base 5?
43
283 (base 10) to base 15
13d
Convert -171 (base 8) to base 9.
-144
What is -63 (base 14) in base 5?
-322
Convert 2 (base 8) to base 4.
2
-411 (base 7) to base 5
-1304
What is 102 (base 3) in base 13?
b
What is -101001 (base 2) in base 5?
-131
Convert 4 (base 6) to base 16.
4
Convert -10000 (base 2) to base 12.
-14
-11 (base 5) to base 8
-6
What is -12 (base 8) in base 4?
-22
16 (base 12) to base 5
33
What is 0 (base 16) in base 4?
0
10000110 (base 2) to base 15
8e
-10 (base 7) to base 6
-11
What is 2 (base 8) in base 15?
2
What is 6 (base 12) in base 8?
6
Convert 66 (base 14) to base 5.
330
-40 (base 16) to base 7
-121
What is -1 (base 12) in base 4?
-1
What is -116 (base 10) in base 13?
-8c
Convert 11101 (base 2) to base 6.
45
What is 122 (base 5) in base 10?
37
-26 (base 9) to base 8
-30
-b (base 13) to base 12
-b
What is -1110 (base 2) in base 15?
-e
Convert 10 (base 14) to base 8.
16
-2 (base 9) to base 11
-2
Convert -244 (base 6) to base 9.
-121
Convert 20 (base 4) to base 15.
8
2 (base 6) to base 7
2
What is 1 (base 12) in base 5?
1
Convert -5 (base 16) to base 7.
-5
Convert 23 (base 13) to base 2.
11101
1a (base 14) to base 2
11000
1ac (base 14) to base 10
348
89 (base 13) to base 6
305
-112 (base 6) to base 3
-1122
0 (base 3) to base 11
0
-1 (base 5) to base 15
-1
-2 (base 12) to base 3
-2
What is 13 (base 9) in base 10?
12
1 (base 7) to base 12
1
Convert -2102 (base 3) to base 14.
-49
Convert 10100100 (base 2) to base 14.
ba
Convert -7 (base 12) to base 15.
-7
What is c8 (base 16) in base 7?
404
What is 431 (base 9) in base 6?
1344
101212 (base 3) to base 8
445
-3 (base 5) to base 11
-3
What is -1000100 (base 2) in base 11?
-62
What is 69 (base 14) in base 15?
63
-22 (base 4) to base 2
-1010
-212 (base 3) to base 13
-1a
Convert 5 (base 7) to base 14.
5
Convert 9 (base 14) to base 3.
100
What is 3 (base 11) in base 16?
3
What is 11 (base 10) in base 15?
b
1 (base 11) to base 9
1
What is -1 (base 8) in base 15?
-1
333 (base 6) to base 3
11210
Convert -11 (base 2) to base 7.
-3
4 (base 8) to base 6
4
What is 17 (base 16) in base 11?
21
Convert -25 (base 13) to base 7.
-43
Convert -48 (base 16) to base 2.
-1001000
-20 (base 16) to base 7
-44
What is 35 (base 10) in base 15?
25
10 (base 6) to base 7
6
Convert 4d (base 15) to base 5.
243
Convert 100 (base 2) to base 16.
4
What is -25 (base 6) in base 3?
-122
What is -27 (base 10) in base 9?
-30
What is -3 (base 8) in base 3?
-10
What is 6 (base 7) in base 11?
6
What is 10 (base 7) in base 9?
7
Convert d (base 16) to base 5.
23
12 (base 3) to base 12
5
Convert 9 (base 11) to base 15.
9
12 (base 7) to base 3
100
Convert -1 (base 2) to base 4.
-1
Convert 110 (base 4) to base 3.
202
Convert -1 (base 10) to base 16.
-1
Convert 61 (base 10) to base 11.
56
Convert -1 (base 10) to base 11.
-1
Convert 25 (base 7) to base 11.
18
Convert 31 (base 5) to base 6.
24
What is -1a (base 11) in base 3?
-210
What is -13 (base 8) in base 11?
-10
110 (base 2) to base 5
11
What is -23 (base 6) in base 7?
-21
0 (base 3) to base 16
0
What is 3 (base 10) in base 3?
10
What is 31 (base 4) in base 14?
d
Convert 3 (base 9) to base 7.
3
0 (base 14) to base 11
0
328 (base 9) to base 15
12e
-2c (base 15) to base 11
-39
Convert 3 (base 15) to base 13.
3
-9 (base 16) to base 9
-10
-1 (base 14) to base 12
-1
-3 (base 11) to base 4
-3
What is 4 (base 12) in base 9?
4
Convert 25 (base 15) to base 2.
100011
Convert -127 (base 10) to base 14.
-91
Convert -100011 (base 2) to base 4.
-203
What is 151 (base 8) in base 16?
69
-7b (base 12) to base 9
-115
What is -1410 (base 6) in base 14?
-1c2
Convert -5 (base 16) to base 9.
-5
Convert -20 (base 4) to base 13.
-8
-101 (base 5) to base 14
-1c
26 (base 14) to base 13
28
What is 1331 (base 4) in base 3?
11122
What is -150 (base 6) in base 2?
-1000010
What is -2 (base 11) in base 3?
-2
13 (base 13) to base 11
15
Convert 0 (base 14) to base 10.
0
-45 (base 12) to base 13
-41
What is -1131 (base 4) in base 10?
-93
Convert -7 (base 14) to base 2.
-111
-73 (base 8) to base 4
-323
What is -3 (base 11) in base 14?
-3
Convert 0 (base 13) to base 4.
0
What is 15 (base 7) in base 14?
c
What is -31 (base 14) in base 8?
-53
-10 (base 3) to base 15
-3
10010 (base 2) to base 4
102
Convert -1100 (base 2) to base 14.
-c
Convert -124 (base 5) to base 9.
-43
6 (base 16) to base 9
6
What is 342 (base 8) in base 13?
145
Convert 5 (base 9) to base 6.
5
-32 (base 6) to base 16
-14
Convert -4 (base 6) to base 5.
-4
Convert -256 (base 9) to base 12.
-159
Convert 3 (base 9) to base 15.
3
-2 (base 15) to base 9
-2
Convert 113 (base 14) to base 15.
e3
-7 (base 14) to base 15
-7
What is 0 (base 15) in base 9?
0
Convert -1a (base 13) to base 2.
-10111
Convert -101 (base 5) to base 11.
-24
What is -44 (base 5) in base 6?
-40
Convert 20 (base 10) to base 9.
22
What is -a (base 15) in base 9?
-11
Convert -30 (base 14) to base 12.
-36
100001 (base 2) to base 13
27
Convert 5 (base 15) to base 14.
5
What is -4b (base 14) in base 4?
-1003
What is 0 (base 11) in base 15?
0
What is 1 (base 10) in base 15?
1
What is -10 (base 5) in base 16?
-5
-6 (base 13) to base 3
-20
Convert -5 (base 13) to base 4.
-11
What is a (base 13) in base 12?
a
-103 (base 8) to base 10
-67
What is -18 (base 12) in base 14?
-16
Convert 44 (base 6) to base 8.
34
What is -104 (base 5) in base 4?
-131
-1 (base 4) to base 3
-1
Convert -1 (base 13) to base 6.
-1
3 (base 7) to base 12
3
Convert 3 (base 12) to base 9.
3
Convert -22 (base 12) to base 8.
-32
3 (base 12) to base 3
10
Convert 11 (base 14) to base 8.
17
-378 (base 9) to base 2
-100111010
What is 7 (base 16) in base 15?
7
-231 (base 4) to base 10
-45
Convert -33 (base 4) to base 3.
-120
What is -16 (base 12) in base 5?
-33
Convert -4 (base 7) to base 10.
-4
What is -10d (base 14) in base 6?
-545
Convert -1 (base 4) to base 6.
-1
Convert 1 (base 5) to base 10.
1
61 (base 13) to base 6
211
2 (base 12) to base 13
2
6 (base 11) to base 15
6
5 (base 7) to base 8
5
What is 5 (base 16) in base 11?
5
106 (base 11) to base 4
1333
2 (base 15) to base 6
2
Convert -13 (base 14) to base 11.
-16
What is -31 (base 8) in base 13?
-1c
-2 (base 14) to base 3
-2
16 (base 11) to base 12
15
Convert -10 (base 7) to base 9.
-7
What is 101 (base 2) in base 7?
5
What is -422 (base 5) in base 13?
-88
0 (base 7) to base 11
0
What is 42 (base 7) in base 10?
30
What is -100100 (base 2) in base 15?
-26
5 (base 7) to base 8
5
-5 (base 6) to base 12
-5
Convert 25 (base 13) to base 6.
51
What is 1 (base 6) in base 12?
1
192 (base 12) to base 16
fe
Convert -2 (base 11) to base 3.
-2
What is 2 (base 9) in base 15?
2
What is 8 (base 9) in base 4?
20
-4 (base 9) to base 7
-4
Convert -21 (base 15) to base 5.
-111
What is -433 (base 5) in base 8?
-166
Convert 0 (base 16) to base 11.
0
0 (base 13) to base 9
0
Convert -8 (base 16) to base 2.
-1000
What is 54 (base 9) in base 3?
1211
Convert 2121 (base 3) to base 2.
1000110
Convert -4 (base 6) to base 16.
-4
Convert 3 (base 11) to base 14.
3
What is -6 (base 10) in base 4?
-12
-4 (base 8) to base 13
-4
Convert -4 (base 13) to base 4.
-10
Convert -2 (base 14) to base 4.
-2
What is 3 (base 15) in base 10?
3
110010 (base 2) to base 3
1212
Convert -1 (base 4) to base 5.
-1
-234 (base 5) to base 7
-126
Convert 11 (base 6) to base 11.
7
Convert 3 (base 12) to base 10.
3
Convert -6 (base 15) to base 3.
-20
What is 0 (base 11) in base 8?
0
48 (base 16) to base 2
1001000
Convert 1d (base 14) to base 16.
1b
Convert -1010 (